h.
2
Let i(k) = 2*k. Let w be i(0). Suppose -u + 0*u - 7 = w. What is the remainder when 36/u*(-6 - 1) is divided by 19?
17
Let q = -6 - -19. Suppose -2*s + 408 - 110 = 2*a, 3 = 3*s. Suppose 0 = 4*v + 4*i - a + 40, -3*i - 19 = -v. Calculate the remainder when v is divided by q.
12
Let n(j) = j**3 + 7*j**2 + j + 46. Calculate the remainder when 149 is divided by n(-7).
32
Let f = -364 - -559. Calculate the remainder when f is divided by 33.
30
Suppose 0 = -3*f + 2*n + 88, 0*n - n - 89 = -3*f. Let x = 1679 - 1667. What is the remainder when f is divided by x?
6
Let z = 76 - 35. Let x = 6 - -15. What is the remainder when z is divided by x?
20
Suppose 5*n - 3*n - 22 = 0. Suppose 55 - n = 4*b. Calculate the remainder when (126/(-15))/1*-5 is divided by b.
9
Calculate the remainder when 691 is divided by ((-21)/12*-11)/(1/4).
75
Suppose 0 = 3*n - 5*n + v + 277, 0 = -4*n - v + 551. Calculate the remainder when n is divided by 42.
12
Suppose -10*p = -46 - 34. What is the remainder when 38 is divided by p?
6
Let c(a) = -9*a + 1. Let n be c(-3). Suppose 0 = -2*x + 3*q + n, 3*x - q = 3*q + 40. What is the remainder when 12 is divided by x?
4
Let b(u) be the first derivative of u**4/4 + 17*u**3/3 - 21*u**2/2 - 34*u + 24. What is the remainder when b(-18) is divided by -2 - (-8 - (-2)/(-2))?
6
Suppose 5 = -0*f + f, 5567 = 3*h + f. What is the remainder when h is divided by 58?
56
Let g = -16 + 53. Calculate the remainder when 109 is divided by g.
35
Let p(a) be the second derivative of a**4/6 + 7*a**3/3 + 5*a**2 + 14*a. Calculate the remainder when p(-8) is divided by 16.
10
Suppose 3*j = 0, 5*h - 2*j + 1155 = 3*j. Let n = -138 - h. Suppose -3*t - 32 = -4*t. Calculate the remainder when n is divided by t.
29
Let z(m) = -m**2 - 4*m - 3. Let x be z(-3). Suppose -3*f + 88 + 101 = x. Let k = -34 + 56. Calculate the remainder when f is divided by k.
19
Let j = 135 - 75. Let o = j - 48. Calculate the remainder when 47 is divided by o.
11
Let a = -2551 - -2627. Calculate the remainder when 370 is divided by a.
66
Let g = 18 + 7. Suppose -3*f + 297 = -0*f. Calculate the remainder when f is divided by g.
24
Let m be (20/(-7) + 2)*-21. Let o(h) = -h**3 + 17*h**2 + 22*h - 33. Calculate the remainder when o(m) is divided by 12.
3
Suppose 46 = 4*m - 3*m. Let z = -31 + m. Suppose 0 = -11*v - 10*v + 882. What is the remainder when v is divided by z?
12
Suppose 3*u - m - 2 = 31, -2*u - 3*m = -11. What is the remainder when ((-6)/(-12) + 2/4)*29 is divided by u?
9
Suppose -116 - 171 = -5*s + h, -5*h = -3*s + 181. Calculate the remainder when 119 is divided by s.
5
Suppose 74*o = 8243 + 26685. What is the remainder when o is divided by 156?
4
Let q = 349 + -205. What is the remainder when q is divided by 37?
33
Let z be 291/12 - (-2)/(-8). Let h be (-7)/2*z/(-28). Suppose 7*a = h*a + 16. What is the remainder when 10 is divided by a?
2
Let p(x) = x**3 + 8*x**2 + 4*x - 12. Let o be p(-7). Suppose -k + 4*s = o*s - 30, 5 = 4*k - 3*s. What is the remainder when 18 is divided by k?
3
Let z = 39 + -38. Calculate the remainder when (19 - 0 - z) + -4 is divided by 8.
6
Let t(p) = -p. Let k = 15 - 8. Let b be t(k). Let z = 10 - b. What is the remainder when 33 is divided by z?
16
Suppose 0*f = f - 2. Suppose 20 = 5*h, f*h + 18 = i - 2*h. Suppose -48*b + 21 = -45*b. Calculate the remainder when i is divided by b.
6
Let f(s) = 36*s + 5. Let v be f(1). Let m = 56 - v. Calculate the remainder when 24 is divided by m.
9
What is the remainder when 16/(-2 + 5/2) is divided by (11/(11/2))/(0 + 4/22)?
10
Let m = 28 + 54. What is the remainder when m is divided by -4 + (-11)/((-55)/230)?
40
Let s = 1539 - 1200. Calculate the remainder when s is divided by 48.
3
Let n be ((-24)/(-10))/(16/120). Let z = -13 + n. What is the remainder when 13 is divided by z?
3
Let v = 2 + 1. Suppose 2*z + v*m + 4 + 4 = 0, -4*z - 32 = -2*m. Let c = 10 + z. What is the remainder when c is divided by 1?
0
Suppose 4*c - 2*c - 66 = -4*b, -2*b + 4*c = -48. Suppose 0 = 6*a + 5*a - 561. Calculate the remainder when a is divided by b.
15
Suppose -3*l - 3 = 2*t + t, 4*l + 6 = -3*t. What is the remainder when 99 is divided by 360/7 - l/(-7)?
48
Suppose 20*i + 1748 = 66*i. What is the remainder when i is divided by 26?
12
What is the remainder when (-4)/8 + 3 + (-2286)/(-12) is divided by 61?
10
Suppose 165*c - 158*c - 420 = 0. Calculate the remainder when c is divided by 13.
8
Let j(i) = -8*i**3 - 103*i**2 + i - 4. What is the remainder when j(-13) is divided by 71?
10
Suppose 3*k = 3*y + 58 + 32, 5*y = -4*k + 93. Calculate the remainder when 241 is divided by k.
25
Let s = -895 - -944. What is the remainder when 386 is divided by s?
43
Suppose -3*i + 40 = -20. Suppose 0*q + i = 5*q. What is the remainder when 18 is divided by (-36)/(-8) - (-2)/q?
3
Let y = -12 + 19. Calculate the remainder when y is divided by (-7)/(56/20)*-2.
2
Suppose -3*a + 0*w + 960 = 3*w, 4*a + 5*w - 1276 = 0. Calculate the remainder when 27 is divided by a/20 + (-8)/(-10).
10
Let p be -84 + (-2 + 3 - 1). Let g = p - -107. Suppose 18 = 3*j - 18. What is the remainder when g is divided by j?
11
Let d = 366 + -232. Let i = 9 - -18. Calculate the remainder when d is divided by i.
26
Suppose -2*r + 1 = -3. Suppose r*t - 153 = -t. Let x(p) = -4*p**3 - 3*p**2 + 2*p - 3. Calculate the remainder when t is divided by x(-2).
12
Let h = -14 + 97. What is the remainder when h is divided by 31?
21
Let r be (-2 + (-10)/(-3))/(7/378). Suppose 10*f + r = 11*f. What is the remainder when f is divided by 19?
15
Suppose -21 - 99 = -4*p + h, 5*h = -p + 9. Suppose -4*v + 3*k = -350, 5*v + 3*k + 227 - 651 = 0. Calculate the remainder when v is divided by p.
28
Let u(n) = n**2 + 5*n + 5. Let q be u(-4). Let v(a) = -a**3 + 7*a**2 + 10*a. Calculate the remainder when q/2*(1 - -91) is divided by v(8).
14
Let z(i) = 4*i**2 + i + 2. Suppose 220 = 172*s - 167*s. What is the remainder when s is divided by z(-2)?
12
Suppose c - 16 = -2*l + 2, -4*c + 90 = 2*l. Suppose a = 2*h + 9 + 4, -22 = a + 5*h. Suppose a*t - 13 = 2*t. What is the remainder when c is divided by t?
11
Let n = -27 - -45. Let i = 121 + n. Calculate the remainder when i is divided by 47.
45
Suppose -39*t - 1260 = -3951. Calculate the remainder when 162 is divided by t.
24
Suppose 0 = 4*l + 5*v - 2 - 29, -5*l + 5 = -5*v. Suppose 13 = 3*a + l. What is the remainder when (a - -21) + -3 + 1 is divided by 12?
10
Suppose 0 = -5*n + 59 + 716. Calculate the remainder when n is divided by 13.
12
Let j = -59 - -42. Let a = j + 65. Calculate the remainder when a is divided by 13.
9
Suppose -4*c - c + 4*z = -12, 0 = -4*z - 12. Suppose 2*g = -6 - 4, -b + g + 62 = c. What is the remainder when b is divided by (90/75)/(-1*(-6)/100)?
17
Let i(u) = u**2 + 2*u + 10. Suppose 148 = 4*x + 3*l + 1, -5*x + 204 = -3*l. Calculate the remainder when x is divided by i(0).
9
Let i = -342 + 579. What is the remainder when i is divided by 14?
13
Suppose -l + 7 = 4*r - 10, -2*l + 5*r + 8 = 0. Let h = -1 + l. Calculate the remainder when 14 is divided by h.
6
Let s = -68 - -116. What is the remainder when 83 is divided by (0 + 7)/(16/s)?
20
Let s = -14 + 19. Suppose s*b - 13 = -c, 3*c - 2*b - 34 = 5. Let x(i) = 13*i - 2. Calculate the remainder when x(3) is divided by c.
11
Suppose 5*j - 3*b = -2*b + 397, -2*b = -4*j + 320. Suppose -j*f = -83*f + 104. What is the remainder when f is divided by 18?
8
Let o be 6/((-3)/(-9)*-3). Let q(h) = -h**2 - 8*h + 1. What is the remainder when 5/((-5)/2) + 40 is divided by q(o)?
12
What is the remainder when 304 is divided by -34*(15/(-35))/((-4)/(-14))?
49
Calculate the remainder when 215 is divided by -1 + 3/5 - 5328/(-120).
39
Let g = 2 - -5. Let d = 32 - g. Calculate the remainder when 147 is divided by d.
22
Let y = -404 - -461. What is the remainder when y is divided by 6?
3
Let z(c) be the third derivative of -5*c**4/24 - 10*c**3/3 + 20*c**2. Calculate the remainder when z(-11) is divided by (-36)/(-10)*(-10)/(-3).
11
Suppose 36*g - 13664 = 5884. Calculate the remainder when g is divided by 14.
11
Suppose -2*b + 2*x = -19 - 13, 2 = 2*x. Suppose 3 - 7 = -r. Suppose -3 = n, -4*n = -r*m + 115 + 89. Calculate the remainder when m is divided by b.
14
Suppose -3*d = -2*r + 203, 178 = -0*r + 2*r + 2*d. 